{"id":1071,"date":"2025-02-07T15:41:34","date_gmt":"2025-02-07T15:41:34","guid":{"rendered":"http:\/\/jf-vilar.pt\/?page_id=1071"},"modified":"2025-04-03T12:00:19","modified_gmt":"2025-04-03T11:00:19","slug":"cemiterios","status":"publish","type":"page","link":"https:\/\/jf-vilar.pt\/index.php\/cemiterios\/","title":{"rendered":"Cemit\u00e9rios"},"content":{"rendered":"\t\t<div data-elementor-type=\"wp-page\" data-elementor-id=\"1071\" class=\"elementor elementor-1071\">\n\t\t\t\t<div class=\"elementor-element elementor-element-48d20d3 e-flex e-con-boxed e-con e-parent\" data-id=\"48d20d3\" data-element_type=\"container\" data-settings=\"{&quot;background_background&quot;:&quot;gradient&quot;}\">\n\t\t\t\t\t<div class=\"e-con-inner\">\n\t\t\t\t<div class=\"elementor-element elementor-element-78cc469 elementor-widget elementor-widget-image\" data-id=\"78cc469\" data-element_type=\"widget\" data-widget_type=\"image.default\">\n\t\t\t\t<div class=\"elementor-widget-container\">\n\t\t\t\t\t\t\t\t\t\t\t\t\t\t\t<img fetchpriority=\"high\" decoding=\"async\" width=\"497\" height=\"152\" src=\"https:\/\/jf-vilar.pt\/wp-content\/uploads\/2025\/04\/separador_Esquerda.png\" class=\"attachment-large size-large wp-image-1893\" alt=\"\" srcset=\"https:\/\/jf-vilar.pt\/wp-content\/uploads\/2025\/04\/separador_Esquerda.png 497w, https:\/\/jf-vilar.pt\/wp-content\/uploads\/2025\/04\/separador_Esquerda-300x92.png 300w, https:\/\/jf-vilar.pt\/wp-content\/uploads\/2025\/04\/separador_Esquerda-150x46.png 150w\" sizes=\"(max-width: 497px) 100vw, 497px\" \/>\t\t\t\t\t\t\t\t\t\t\t\t\t\t\t<\/div>\n\t\t\t\t<\/div>\n\t\t\t\t\t<\/div>\n\t\t\t\t<\/div>\n\t\t<div class=\"elementor-element elementor-element-38dfec1a e-con-full e-flex e-con e-parent\" data-id=\"38dfec1a\" data-element_type=\"container\" data-settings=\"{&quot;background_background&quot;:&quot;classic&quot;}\">\n\t\t\t\t<div class=\"elementor-element elementor-element-2e3356cf elementor-widget elementor-widget-text-editor\" data-id=\"2e3356cf\" data-element_type=\"widget\" data-widget_type=\"text-editor.default\">\n\t\t\t\t<div class=\"elementor-widget-container\">\n\t\t\t\t\t\t\t\t\t\n<p>Em baixo est\u00e3o disponibilizados os seguintes documentos, deve fazer o download do documento correto e entregar:<\/p>\n\n<p><strong>Documentos:<\/strong><\/p>\n\n<p class=\"has-text-align-left\">\u2013 Requerimento para Inuma\u00e7\u00e3o, Crema\u00e7\u00e3o, Traslada\u00e7\u00e3o ou Exuma\u00e7\u00e3o<br \/>\u2013 Autoriza\u00e7\u00e3o para Compra de terreno para Jazigo ou Sepultura Perp\u00e9tua<br \/>\u2013 Autoriza\u00e7\u00e3o para Compra de Oss\u00e1rio ou Gavet\u00e3o<br \/>\u2013 Autoriza\u00e7\u00e3o para Constru\u00e7\u00e3o, Reconstru\u00e7\u00e3o ou Modifica\u00e7\u00e3o de Jazigo e Revestimento de Sepulturas Perp\u00e9tuas<br \/>\u2013 2\u00aa via do Alvar\u00e1 de Posse de Sepultura Perp\u00e9tua<br \/>\u2013 Averbamentos ao Alvar\u00e1 de Sepultura Perp\u00e9tua<br \/>\u2013 Declara\u00e7\u00e3o de Herdeiros<\/p>\n\n<p class=\"has-text-align-center\"><strong>DOCUMENTOS PARA DOWNLOAD<\/strong><\/p>\n\n<p><strong>\u2013 Requerimento para Inuma\u00e7\u00e3o, Crema\u00e7\u00e3o, Traslada\u00e7\u00e3o ou Exuma\u00e7\u00e3o<\/strong><\/p>\n\n<div data-wp-interactive=\"core\/file\" class=\"wp-block-file\"><object data-wp-bind--hidden=\"!state.hasPdfPreview\" hidden class=\"wp-block-file__embed\" style=\"width: 100%; height: 600px;\" data=\"https:\/\/jf-vilar.pt\/wp-content\/uploads\/2025\/03\/requerimento_Inumacao.pdf\" type=\"application\/pdf\" width=\"300\" height=\"150\" aria-label=\"Incorpora\u00e7\u00e3o de requerimento_Inuma\u00e7\u00e3o.\"><\/object><a id=\"wp-block-file--media-0089147c-782c-4e17-ac0b-6aaf44edca84\" href=\"https:\/\/jf-vilar.pt\/wp-content\/uploads\/2025\/03\/requerimento_Inumacao.pdf\">requerimento_Inuma\u00e7\u00e3o<\/a><a class=\"wp-block-file__button wp-element-button\" href=\"https:\/\/jf-vilar.pt\/wp-content\/uploads\/2025\/03\/requerimento_Inumacao.pdf\" download=\"\" aria-describedby=\"wp-block-file--media-0089147c-782c-4e17-ac0b-6aaf44edca84\">Descarregar<\/a><\/div>\n\n<p>\u00a0<\/p>\n\n<p><strong>\u2013 Autoriza\u00e7\u00e3o para Compra de terreno para Jazigo ou Sepultura Perp\u00e9tua<\/strong><\/p>\n\n<div data-wp-interactive=\"core\/file\" class=\"wp-block-file\"><object data-wp-bind--hidden=\"!state.hasPdfPreview\" hidden class=\"wp-block-file__embed\" style=\"width: 100%; height: 600px;\" data=\"https:\/\/jf-vilar.pt\/wp-content\/uploads\/2025\/03\/compra.pdf\" type=\"application\/pdf\" width=\"300\" height=\"150\" aria-label=\"Incorpora\u00e7\u00e3o de compra.\"><\/object><a id=\"wp-block-file--media-c6462fef-5f7d-4a84-8ca0-bb61ba4c2911\" href=\"https:\/\/jf-vilar.pt\/wp-content\/uploads\/2025\/03\/compra.pdf\">compra<\/a><a class=\"wp-block-file__button wp-element-button\" href=\"https:\/\/jf-vilar.pt\/wp-content\/uploads\/2025\/03\/compra.pdf\" download=\"\" aria-describedby=\"wp-block-file--media-c6462fef-5f7d-4a84-8ca0-bb61ba4c2911\">Descarregar<\/a><\/div>\n\n<p>\u00a0<\/p>\n\n<p>\u00a0<\/p>\n\n<p><strong>\u2013 Autoriza\u00e7\u00e3o para Compra de Oss\u00e1rio ou Gavet\u00e3o<\/strong><\/p>\n\n<div data-wp-interactive=\"core\/file\" class=\"wp-block-file\"><object data-wp-bind--hidden=\"!state.hasPdfPreview\" hidden class=\"wp-block-file__embed\" style=\"width: 100%; height: 600px;\" data=\"https:\/\/jf-vilar.pt\/wp-content\/uploads\/2025\/03\/compraOssarioGavetao.pdf\" type=\"application\/pdf\" width=\"300\" height=\"150\" aria-label=\"Incorpora\u00e7\u00e3o de compraOss\u00e1rioGavet\u00e3o.\"><\/object><a id=\"wp-block-file--media-9f81bc6a-e7e2-4140-90ce-447ca9cb6bc6\" href=\"https:\/\/jf-vilar.pt\/wp-content\/uploads\/2025\/03\/compraOssarioGavetao.pdf\">compraOss\u00e1rioGavet\u00e3o<\/a><a class=\"wp-block-file__button wp-element-button\" href=\"https:\/\/jf-vilar.pt\/wp-content\/uploads\/2025\/03\/compraOssarioGavetao.pdf\" download=\"\" aria-describedby=\"wp-block-file--media-9f81bc6a-e7e2-4140-90ce-447ca9cb6bc6\">Descarregar<\/a><\/div>\n\n<p>\u00a0<\/p>\n\n<p>\u00a0<\/p>\n\n<p><strong>\u2013 Autoriza\u00e7\u00e3o para Constru\u00e7\u00e3o, Reconstru\u00e7\u00e3o ou Modifica\u00e7\u00e3o de Jazigo e Revestimento de Sepulturas Perp\u00e9tuas<\/strong><\/p>\n\n<div data-wp-interactive=\"core\/file\" class=\"wp-block-file\"><object data-wp-bind--hidden=\"!state.hasPdfPreview\" hidden class=\"wp-block-file__embed\" style=\"width: 100%; height: 600px;\" data=\"https:\/\/jf-vilar.pt\/wp-content\/uploads\/2025\/03\/Construcao.pdf\" type=\"application\/pdf\" width=\"300\" height=\"150\" aria-label=\"Incorpora\u00e7\u00e3o de Constru\u00e7\u00e3o.\"><\/object><a id=\"wp-block-file--media-1fefa617-7431-48ee-b54e-a18931657ded\" href=\"https:\/\/jf-vilar.pt\/wp-content\/uploads\/2025\/03\/Construcao.pdf\">Constru\u00e7\u00e3o<\/a><a class=\"wp-block-file__button wp-element-button\" href=\"https:\/\/jf-vilar.pt\/wp-content\/uploads\/2025\/03\/Construcao.pdf\" download=\"\" aria-describedby=\"wp-block-file--media-1fefa617-7431-48ee-b54e-a18931657ded\">Descarregar<\/a><\/div>\n\n<p>\u00a0<\/p>\n\n<p>\u00a0<\/p>\n\n<p><strong>\u2013 2\u00aa via do Alvar\u00e1 de Posse de Sepultura Perp\u00e9tua<\/strong><\/p>\n\n<div data-wp-interactive=\"core\/file\" class=\"wp-block-file\"><object data-wp-bind--hidden=\"!state.hasPdfPreview\" hidden class=\"wp-block-file__embed\" style=\"width: 100%; height: 600px;\" data=\"https:\/\/jf-vilar.pt\/wp-content\/uploads\/2025\/03\/2a-Via.pdf\" type=\"application\/pdf\" width=\"300\" height=\"150\" aria-label=\"Incorpora\u00e7\u00e3o de 2\u00aa-Via.\"><\/object><a id=\"wp-block-file--media-cfa302ef-5443-4496-90a2-479a306075da\" href=\"https:\/\/jf-vilar.pt\/wp-content\/uploads\/2025\/03\/2a-Via.pdf\">2\u00aa-Via<\/a><a class=\"wp-block-file__button wp-element-button\" href=\"https:\/\/jf-vilar.pt\/wp-content\/uploads\/2025\/03\/2a-Via.pdf\" download=\"\" aria-describedby=\"wp-block-file--media-cfa302ef-5443-4496-90a2-479a306075da\">Descarregar<\/a><\/div>\n\n<p>\u00a0<\/p>\n\n<p>\u00a0<\/p>\n\n<p>\u2013<strong> Averbamentos ao Alvar\u00e1 de Sepultura Perp\u00e9tua<\/strong><\/p>\n\n<div data-wp-interactive=\"core\/file\" class=\"wp-block-file\"><object data-wp-bind--hidden=\"!state.hasPdfPreview\" hidden class=\"wp-block-file__embed\" style=\"width: 100%; height: 600px;\" data=\"https:\/\/jf-vilar.pt\/wp-content\/uploads\/2025\/03\/Averbamentos.pdf\" type=\"application\/pdf\" width=\"300\" height=\"150\" aria-label=\"Incorpora\u00e7\u00e3o de Averbamentos.\"><\/object><a id=\"wp-block-file--media-18fc8203-d7b1-428b-ae92-6ca767daddbb\" href=\"https:\/\/jf-vilar.pt\/wp-content\/uploads\/2025\/03\/Averbamentos.pdf\">Averbamentos<\/a><a class=\"wp-block-file__button wp-element-button\" href=\"https:\/\/jf-vilar.pt\/wp-content\/uploads\/2025\/03\/Averbamentos.pdf\" download=\"\" aria-describedby=\"wp-block-file--media-18fc8203-d7b1-428b-ae92-6ca767daddbb\">Descarregar<\/a><\/div>\n\n<p>\u00a0<\/p>\n\n<p>\u00a0<\/p>\n\n<p>\u2013<strong> Declara\u00e7\u00e3o de Herdeiros<\/strong><\/p>\n\n<div data-wp-interactive=\"core\/file\" class=\"wp-block-file\"><object data-wp-bind--hidden=\"!state.hasPdfPreview\" hidden class=\"wp-block-file__embed\" style=\"width: 100%; height: 600px;\" data=\"https:\/\/jf-vilar.pt\/wp-content\/uploads\/2025\/03\/DeclaracaoHerdeirosCemiterio1.pdf\" type=\"application\/pdf\" width=\"300\" height=\"150\" aria-label=\"Incorpora\u00e7\u00e3o de DeclaracaoHerdeirosCemiterio1.\"><\/object><a id=\"wp-block-file--media-097659f2-7a31-4916-a2bd-ba693be0a408\" href=\"https:\/\/jf-vilar.pt\/wp-content\/uploads\/2025\/03\/DeclaracaoHerdeirosCemiterio1.pdf\">DeclaracaoHerdeirosCemiterio1<\/a><a class=\"wp-block-file__button wp-element-button\" href=\"https:\/\/jf-vilar.pt\/wp-content\/uploads\/2025\/03\/DeclaracaoHerdeirosCemiterio1.pdf\" download=\"\" aria-describedby=\"wp-block-file--media-097659f2-7a31-4916-a2bd-ba693be0a408\">Descarregar<\/a><\/div>\n\t\t\t\t\t\t\t\t<\/div>\n\t\t\t\t<\/div>\n\t\t\t\t<\/div>\n\t\t<div class=\"elementor-element elementor-element-956fc25 e-flex e-con-boxed e-con e-parent\" data-id=\"956fc25\" data-element_type=\"container\" data-settings=\"{&quot;background_background&quot;:&quot;classic&quot;}\">\n\t\t\t\t\t<div class=\"e-con-inner\">\n\t\t\t\t<div class=\"elementor-element elementor-element-972a19b elementor-widget__width-initial elementor-widget elementor-widget-image\" data-id=\"972a19b\" data-element_type=\"widget\" data-widget_type=\"image.default\">\n\t\t\t\t<div class=\"elementor-widget-container\">\n\t\t\t\t\t\t\t\t\t\t\t\t\t\t\t<img decoding=\"async\" width=\"552\" height=\"147\" src=\"https:\/\/jf-vilar.pt\/wp-content\/uploads\/2025\/04\/separador_Direita.png\" class=\"attachment-large size-large wp-image-1941\" alt=\"\" srcset=\"https:\/\/jf-vilar.pt\/wp-content\/uploads\/2025\/04\/separador_Direita.png 552w, https:\/\/jf-vilar.pt\/wp-content\/uploads\/2025\/04\/separador_Direita-300x80.png 300w, https:\/\/jf-vilar.pt\/wp-content\/uploads\/2025\/04\/separador_Direita-150x40.png 150w\" sizes=\"(max-width: 552px) 100vw, 552px\" \/>\t\t\t\t\t\t\t\t\t\t\t\t\t\t\t<\/div>\n\t\t\t\t<\/div>\n\t\t\t\t\t<\/div>\n\t\t\t\t<\/div>\n\t\t\t\t<\/div>\n\t\t","protected":false},"excerpt":{"rendered":"<p>Em baixo est\u00e3o disponibilizados os seguintes documentos, deve fazer o download do documento correto e entregar: Documentos: \u2013 Requerimento para Inuma\u00e7\u00e3o, Crema\u00e7\u00e3o, Traslada\u00e7\u00e3o ou Exuma\u00e7\u00e3o\u2013 Autoriza\u00e7\u00e3o para Compra de terreno para Jazigo ou Sepultura Perp\u00e9tua\u2013 Autoriza\u00e7\u00e3o para Compra de Oss\u00e1rio ou Gavet\u00e3o\u2013 Autoriza\u00e7\u00e3o para Constru\u00e7\u00e3o, Reconstru\u00e7\u00e3o ou Modifica\u00e7\u00e3o de Jazigo e Revestimento de Sepulturas Perp\u00e9tuas\u2013 [&hellip;]<\/p>\n","protected":false},"author":1,"featured_media":0,"parent":0,"menu_order":0,"comment_status":"closed","ping_status":"closed","template":"","meta":{"_monsterinsights_skip_tracking":false,"_monsterinsights_sitenote_active":false,"_monsterinsights_sitenote_note":"","_monsterinsights_sitenote_category":0,"footnotes":""},"class_list":["post-1071","page","type-page","status-publish","hentry"],"aioseo_notices":[],"_links":{"self":[{"href":"https:\/\/jf-vilar.pt\/index.php\/wp-json\/wp\/v2\/pages\/1071","targetHints":{"allow":["GET"]}}],"collection":[{"href":"https:\/\/jf-vilar.pt\/index.php\/wp-json\/wp\/v2\/pages"}],"about":[{"href":"https:\/\/jf-vilar.pt\/index.php\/wp-json\/wp\/v2\/types\/page"}],"author":[{"embeddable":true,"href":"https:\/\/jf-vilar.pt\/index.php\/wp-json\/wp\/v2\/users\/1"}],"replies":[{"embeddable":true,"href":"https:\/\/jf-vilar.pt\/index.php\/wp-json\/wp\/v2\/comments?post=1071"}],"version-history":[{"count":12,"href":"https:\/\/jf-vilar.pt\/index.php\/wp-json\/wp\/v2\/pages\/1071\/revisions"}],"predecessor-version":[{"id":2131,"href":"https:\/\/jf-vilar.pt\/index.php\/wp-json\/wp\/v2\/pages\/1071\/revisions\/2131"}],"wp:attachment":[{"href":"https:\/\/jf-vilar.pt\/index.php\/wp-json\/wp\/v2\/media?parent=1071"}],"curies":[{"name":"wp","href":"https:\/\/api.w.org\/{rel}","templated":true}]}}