{"id":1069,"date":"2025-02-07T15:41:34","date_gmt":"2025-02-07T15:41:34","guid":{"rendered":"http:\/\/jf-vilar.pt\/?page_id=1069"},"modified":"2025-04-02T19:22:39","modified_gmt":"2025-04-02T18:22:39","slug":"atestados","status":"publish","type":"page","link":"https:\/\/jf-vilar.pt\/index.php\/atestados\/","title":{"rendered":"Pedido de Atestado"},"content":{"rendered":"\t\t<div data-elementor-type=\"wp-page\" data-elementor-id=\"1069\" class=\"elementor elementor-1069\">\n\t\t\t\t<div class=\"elementor-element elementor-element-e5d95dc e-flex e-con-boxed e-con e-parent\" data-id=\"e5d95dc\" data-element_type=\"container\" data-settings=\"{&quot;background_background&quot;:&quot;gradient&quot;}\">\n\t\t\t\t\t<div class=\"e-con-inner\">\n\t\t\t\t<div class=\"elementor-element elementor-element-44cbd3f elementor-widget elementor-widget-image\" data-id=\"44cbd3f\" data-element_type=\"widget\" data-widget_type=\"image.default\">\n\t\t\t\t<div class=\"elementor-widget-container\">\n\t\t\t\t\t\t\t\t\t\t\t\t\t\t\t<img fetchpriority=\"high\" decoding=\"async\" width=\"497\" height=\"152\" src=\"https:\/\/jf-vilar.pt\/wp-content\/uploads\/2025\/04\/separador_Esquerda.png\" class=\"attachment-large size-large wp-image-1893\" alt=\"\" srcset=\"https:\/\/jf-vilar.pt\/wp-content\/uploads\/2025\/04\/separador_Esquerda.png 497w, https:\/\/jf-vilar.pt\/wp-content\/uploads\/2025\/04\/separador_Esquerda-300x92.png 300w, https:\/\/jf-vilar.pt\/wp-content\/uploads\/2025\/04\/separador_Esquerda-150x46.png 150w\" sizes=\"(max-width: 497px) 100vw, 497px\" \/>\t\t\t\t\t\t\t\t\t\t\t\t\t\t\t<\/div>\n\t\t\t\t<\/div>\n\t\t\t\t\t<\/div>\n\t\t\t\t<\/div>\n\t\t<div class=\"elementor-element elementor-element-4385d755 e-flex e-con-boxed e-con e-parent\" data-id=\"4385d755\" data-element_type=\"container\" data-settings=\"{&quot;background_background&quot;:&quot;classic&quot;}\">\n\t\t\t\t\t<div class=\"e-con-inner\">\n\t\t\t\t<div class=\"elementor-element elementor-element-602321fe elementor-widget elementor-widget-text-editor\" data-id=\"602321fe\" data-element_type=\"widget\" data-widget_type=\"text-editor.default\">\n\t\t\t\t<div class=\"elementor-widget-container\">\n\t\t\t\t\t\t\t\t\t\n<p><strong>O pedido de atestado em baixo serve, para pedidos de atestado para:<\/strong><br><em>\u2013 Vida<br>\u2013 Resid\u00eancia<br>\u2013 Resid\u00eancia \u2013 Estrangeiros<br>\u2013 Agregado Familiar<\/em><br><\/p>\n\n\n\n<div data-wp-interactive=\"core\/file\" class=\"wp-block-file\"><object data-wp-bind--hidden=\"!state.hasPdfPreview\" hidden class=\"wp-block-file__embed\" data=\"https:\/\/jf-vilar.pt\/wp-content\/uploads\/2025\/03\/Requisicao_atestado-1.pdf\" type=\"application\/pdf\" style=\"width:100%;height:600px\" aria-label=\"Incorpora\u00e7\u00e3o de Requisicao_atestado.\"><\/object><a id=\"wp-block-file--media-cbe693f0-b797-4ce8-b655-e297050efe46\" href=\"https:\/\/jf-vilar.pt\/wp-content\/uploads\/2025\/03\/Requisicao_atestado-1.pdf\">Requisicao_atestado<\/a><a href=\"https:\/\/jf-vilar.pt\/wp-content\/uploads\/2025\/03\/Requisicao_atestado-1.pdf\" class=\"wp-block-file__button wp-element-button\" download aria-describedby=\"wp-block-file--media-cbe693f0-b797-4ce8-b655-e297050efe46\">Descarregar<\/a><\/div>\n\n\n\n<p><strong>Fa\u00e7a o Download, preencha e fa\u00e7a a entrega na Junta de Freguesia do Vilar.<\/strong><\/p>\n\n\n\n<p><\/p>\n\n\n\n<p><strong>LEMBRAMOS OS DOCUMENTOS NECESS\u00c1RIOS A APRESENTAR PELO (A) REQUERENTE<\/strong><\/p>\n\n\n\n<ol class=\"wp-block-list\">\n<li><strong>Cidad\u00e3o(a) Nacional e Estrangeiro(a) Recenseado<\/strong><br>a) Bilhete de identidade e Contribuinte \/Cart\u00e3o de Cidad\u00e3o\/ T\u00edtulo de Resid\u00eancia ou Autoriza\u00e7\u00e3o de Resid\u00eancia<br><\/li>\n\n\n\n<li><strong>Cidad\u00e3o(a) Nacional e Estrangeiro(a) N\u00e3o Recenseado<\/strong><br><strong>2.1 Nacional:<\/strong><br>a) Bilhete de Identidade e Contribuinte\/ Cart\u00e3o de Cidad\u00e3o<br>b) Comprovativo de morada (domic\u00edlio fiscal; fatura de eletricidade; \u00e1gua; televis\u00e3o; internet ou telefone por assinatura\/ Contrato de arrendamento ou de compra e venda, na falta de um dos mesmos, duas testemunhas presenciais recenseadas na Freguesia de Vilar &#8211; CDV, acompanhadas da respetiva identifica\u00e7\u00e3o).<br><br><strong>2.2 Estrangeiro(a):<\/strong><br>a) Autoriza\u00e7\u00e3o ou T\u00edtulo de Resid\u00eancia\/ Certificado de Registo para Cidad\u00e3o da Uni\u00e3o Europeia\/ Passaporte\/ C\u00e9dula de Inscri\u00e7\u00e3o Consular<br>b) N\u00famero de Identifica\u00e7\u00e3o Fiscal<br>c) Comprovativo de morada (domic\u00edlio fiscal; fatura de eletricidade; \u00e1gua; televis\u00e3o; internet ou telefone por assinatura\/ Contrato de arrendamento ou de compra e venda, na falta de um dos mesmos duas testemunhas presenciais recenseadas na Freguesia de Vilar \u2013 CDV, acompanhadas da respetiva identifica\u00e7\u00e3o).<br><\/li>\n\n\n\n<li><strong>Uni\u00e3o De Facto<\/strong><br>a) Documentos do N.\u00ba 1 com a mesma morada e, na falta da mesma, apresentar os documentos do N.\u00ba 2.<br><\/li>\n\n\n\n<li><strong>Declara\u00e7\u00e3o de Situa\u00e7\u00e3o Econ\u00f3mica<\/strong><br>a) Documentos do N. 1<br>b) Documento comprovativo da situa\u00e7\u00e3o (Autoridade Tribut\u00e1ria)<\/li>\n<\/ol>\n\t\t\t\t\t\t\t\t<\/div>\n\t\t\t\t<\/div>\n\t\t\t\t\t<\/div>\n\t\t\t\t<\/div>\n\t\t<div class=\"elementor-element elementor-element-c115517 e-flex e-con-boxed e-con e-parent\" data-id=\"c115517\" data-element_type=\"container\" data-settings=\"{&quot;background_background&quot;:&quot;classic&quot;}\">\n\t\t\t\t\t<div class=\"e-con-inner\">\n\t\t\t\t<div class=\"elementor-element elementor-element-c589d62 elementor-widget__width-initial elementor-widget elementor-widget-image\" data-id=\"c589d62\" data-element_type=\"widget\" data-widget_type=\"image.default\">\n\t\t\t\t<div class=\"elementor-widget-container\">\n\t\t\t\t\t\t\t\t\t\t\t\t\t\t\t<img decoding=\"async\" width=\"552\" height=\"147\" src=\"https:\/\/jf-vilar.pt\/wp-content\/uploads\/2025\/04\/separador_Direita.png\" class=\"attachment-large size-large wp-image-1941\" alt=\"\" srcset=\"https:\/\/jf-vilar.pt\/wp-content\/uploads\/2025\/04\/separador_Direita.png 552w, https:\/\/jf-vilar.pt\/wp-content\/uploads\/2025\/04\/separador_Direita-300x80.png 300w, https:\/\/jf-vilar.pt\/wp-content\/uploads\/2025\/04\/separador_Direita-150x40.png 150w\" sizes=\"(max-width: 552px) 100vw, 552px\" \/>\t\t\t\t\t\t\t\t\t\t\t\t\t\t\t<\/div>\n\t\t\t\t<\/div>\n\t\t\t\t\t<\/div>\n\t\t\t\t<\/div>\n\t\t\t\t<\/div>\n\t\t","protected":false},"excerpt":{"rendered":"<p>O pedido de atestado em baixo serve, para pedidos de atestado para:\u2013 Vida\u2013 Resid\u00eancia\u2013 Resid\u00eancia \u2013 Estrangeiros\u2013 Agregado Familiar Fa\u00e7a o Download, preencha e fa\u00e7a a entrega na Junta de Freguesia do Vilar. LEMBRAMOS OS DOCUMENTOS NECESS\u00c1RIOS A APRESENTAR PELO (A) REQUERENTE<\/p>\n","protected":false},"author":1,"featured_media":0,"parent":0,"menu_order":0,"comment_status":"closed","ping_status":"closed","template":"","meta":{"_monsterinsights_skip_tracking":false,"_monsterinsights_sitenote_active":false,"_monsterinsights_sitenote_note":"","_monsterinsights_sitenote_category":0,"footnotes":""},"class_list":["post-1069","page","type-page","status-publish","hentry"],"aioseo_notices":[],"_links":{"self":[{"href":"https:\/\/jf-vilar.pt\/index.php\/wp-json\/wp\/v2\/pages\/1069","targetHints":{"allow":["GET"]}}],"collection":[{"href":"https:\/\/jf-vilar.pt\/index.php\/wp-json\/wp\/v2\/pages"}],"about":[{"href":"https:\/\/jf-vilar.pt\/index.php\/wp-json\/wp\/v2\/types\/page"}],"author":[{"embeddable":true,"href":"https:\/\/jf-vilar.pt\/index.php\/wp-json\/wp\/v2\/users\/1"}],"replies":[{"embeddable":true,"href":"https:\/\/jf-vilar.pt\/index.php\/wp-json\/wp\/v2\/comments?post=1069"}],"version-history":[{"count":12,"href":"https:\/\/jf-vilar.pt\/index.php\/wp-json\/wp\/v2\/pages\/1069\/revisions"}],"predecessor-version":[{"id":2056,"href":"https:\/\/jf-vilar.pt\/index.php\/wp-json\/wp\/v2\/pages\/1069\/revisions\/2056"}],"wp:attachment":[{"href":"https:\/\/jf-vilar.pt\/index.php\/wp-json\/wp\/v2\/media?parent=1069"}],"curies":[{"name":"wp","href":"https:\/\/api.w.org\/{rel}","templated":true}]}}