{"id":1054,"date":"2025-02-07T15:41:34","date_gmt":"2025-02-07T15:41:34","guid":{"rendered":"http:\/\/jf-vilar.pt\/?page_id=1054"},"modified":"2025-04-02T17:14:17","modified_gmt":"2025-04-02T16:14:17","slug":"paroquia","status":"publish","type":"page","link":"https:\/\/jf-vilar.pt\/index.php\/paroquia\/","title":{"rendered":"Par\u00f3quia"},"content":{"rendered":"\t\t<div data-elementor-type=\"wp-page\" data-elementor-id=\"1054\" class=\"elementor elementor-1054\">\n\t\t\t\t<div class=\"elementor-element elementor-element-de9d516 e-flex e-con-boxed e-con e-parent\" data-id=\"de9d516\" data-element_type=\"container\" data-settings=\"{&quot;background_background&quot;:&quot;gradient&quot;}\">\n\t\t\t\t\t<div class=\"e-con-inner\">\n\t\t\t\t<div class=\"elementor-element elementor-element-cc57bf1 elementor-widget elementor-widget-image\" data-id=\"cc57bf1\" data-element_type=\"widget\" data-widget_type=\"image.default\">\n\t\t\t\t<div class=\"elementor-widget-container\">\n\t\t\t\t\t\t\t\t\t\t\t\t\t\t\t<img fetchpriority=\"high\" decoding=\"async\" width=\"497\" height=\"152\" src=\"https:\/\/jf-vilar.pt\/wp-content\/uploads\/2025\/04\/separador_Esquerda.png\" class=\"attachment-large size-large wp-image-1893\" alt=\"\" srcset=\"https:\/\/jf-vilar.pt\/wp-content\/uploads\/2025\/04\/separador_Esquerda.png 497w, https:\/\/jf-vilar.pt\/wp-content\/uploads\/2025\/04\/separador_Esquerda-300x92.png 300w, https:\/\/jf-vilar.pt\/wp-content\/uploads\/2025\/04\/separador_Esquerda-150x46.png 150w\" sizes=\"(max-width: 497px) 100vw, 497px\" \/>\t\t\t\t\t\t\t\t\t\t\t\t\t\t\t<\/div>\n\t\t\t\t<\/div>\n\t\t\t\t\t<\/div>\n\t\t\t\t<\/div>\n\t\t<div class=\"elementor-element elementor-element-5cb7be8a e-flex e-con-boxed e-con e-parent\" data-id=\"5cb7be8a\" data-element_type=\"container\" data-settings=\"{&quot;background_background&quot;:&quot;classic&quot;}\">\n\t\t\t\t\t<div class=\"e-con-inner\">\n\t\t\t\t<div class=\"elementor-element elementor-element-7ad07240 elementor-widget elementor-widget-text-editor\" data-id=\"7ad07240\" data-element_type=\"widget\" data-widget_type=\"text-editor.default\">\n\t\t\t\t<div class=\"elementor-widget-container\">\n\t\t\t\t\t\t\t\t\t\n<p><strong>Igreja Matriz de Vilar \u2013 Nossa Senhora do \u00d3 ou da Expecta\u00e7\u00e3o &#8211; Vilar<\/strong><\/p>\n\n\n\n<p>A igreja matriz de Vilar j\u00e1 existia, pelo menos, no s\u00e9culo XIV, tendo sofrido altera\u00e7\u00f5es e a sua inaugura\u00e7\u00e3o ocorreu em 26 de julho de 1953. A atual igreja, inspirada no formul\u00e1rio da religiosa medieval, foi constru\u00edda no local da antiga igreja (demolida em 1947). S\u00e3o raras as igrejas com a invoca\u00e7\u00e3o a Nossa Senhora do \u00d3, tamb\u00e9m conhecida por Nossa Senhora da Expecta\u00e7\u00e3o, assim como as respetivas imagens que representam a gravidez de Nossa Senhora, de iconografia medieval e praticamente desaparecidas ou ocultadas ap\u00f3s as determina\u00e7\u00f5es tridentinas.<\/p>\n\n\n\n<figure class=\"wp-block-image size-large\"><img decoding=\"async\" width=\"1024\" height=\"473\" src=\"http:\/\/jf-vilar.pt\/wp-content\/uploads\/2025\/02\/igreja_VILAR-1024x473.jpg\" alt=\"\" class=\"wp-image-1307\" srcset=\"https:\/\/jf-vilar.pt\/wp-content\/uploads\/2025\/02\/igreja_VILAR-1024x473.jpg 1024w, https:\/\/jf-vilar.pt\/wp-content\/uploads\/2025\/02\/igreja_VILAR-300x139.jpg 300w, https:\/\/jf-vilar.pt\/wp-content\/uploads\/2025\/02\/igreja_VILAR-150x69.jpg 150w, https:\/\/jf-vilar.pt\/wp-content\/uploads\/2025\/02\/igreja_VILAR-768x355.jpg 768w, https:\/\/jf-vilar.pt\/wp-content\/uploads\/2025\/02\/igreja_VILAR.jpg 1386w\" sizes=\"(max-width: 1024px) 100vw, 1024px\" \/><\/figure>\n\n\n\n<p><\/p>\n\n\n\n<p><strong>Capela de Nossa Senhora da Ajuda \u2013 Avenal<\/strong><\/p>\n\n\n\n<p>Erguida em honra de Nossa Senhora da Ajuda, a capela \u00e9 o edif\u00edcio arquitet\u00f3nico de maior relevo que se pode visitar nesta localidade. Foi remodelada no s\u00e9culo XX e desconhece-se a data da sua constru\u00e7\u00e3o. Tinha um ret\u00e1bulo em madeira no altar-mor, que foi retirado.<\/p>\n\n\n\n<figure class=\"wp-block-image size-full\"><img decoding=\"async\" width=\"950\" height=\"641\" src=\"http:\/\/jf-vilar.pt\/wp-content\/uploads\/2025\/03\/WEB_Avenal-1.jpg\" alt=\"\" class=\"wp-image-1549\" srcset=\"https:\/\/jf-vilar.pt\/wp-content\/uploads\/2025\/03\/WEB_Avenal-1.jpg 950w, https:\/\/jf-vilar.pt\/wp-content\/uploads\/2025\/03\/WEB_Avenal-1-300x202.jpg 300w, https:\/\/jf-vilar.pt\/wp-content\/uploads\/2025\/03\/WEB_Avenal-1-150x101.jpg 150w, https:\/\/jf-vilar.pt\/wp-content\/uploads\/2025\/03\/WEB_Avenal-1-768x518.jpg 768w\" sizes=\"(max-width: 950px) 100vw, 950px\" \/><\/figure>\n\n\n\n<p><\/p>\n\n\n\n<p><\/p>\n\n\n\n<p><strong>Igreja de S\u00e3o Miguel \u2013 Pereiro<\/strong><\/p>\n\n\n\n<p>A igreja foi constru\u00edda em 1611 (tal como inscrito na c\u00fapula do altar mor), tendo como padroeiro S\u00e3o Miguel Arcanjo, estimando-se que a imagem existente seja mais antiga do que a pr\u00f3pria igreja, talvez da \u00e9poca de 500.<\/p>\n\n\n\n<figure class=\"wp-block-image size-full\"><img loading=\"lazy\" decoding=\"async\" width=\"950\" height=\"965\" src=\"http:\/\/jf-vilar.pt\/wp-content\/uploads\/2025\/02\/WEB_Pereiro-4.jpg\" alt=\"\" class=\"wp-image-1576\" srcset=\"https:\/\/jf-vilar.pt\/wp-content\/uploads\/2025\/02\/WEB_Pereiro-4.jpg 950w, https:\/\/jf-vilar.pt\/wp-content\/uploads\/2025\/02\/WEB_Pereiro-4-295x300.jpg 295w, https:\/\/jf-vilar.pt\/wp-content\/uploads\/2025\/02\/WEB_Pereiro-4-148x150.jpg 148w, https:\/\/jf-vilar.pt\/wp-content\/uploads\/2025\/02\/WEB_Pereiro-4-768x780.jpg 768w\" sizes=\"(max-width: 950px) 100vw, 950px\" \/><\/figure>\n\n\n\n<p><\/p>\n\n\n\n<p><strong>Capela do Sagrado Cora\u00e7\u00e3o de Jesus \u2013 Tojeira<\/strong><\/p>\n\n\n\n<p>A capela foi erigida, com muito esfor\u00e7o e dedica\u00e7\u00e3o de todos os populares, consagrada ao Sagrado Cora\u00e7\u00e3o de Jesus, tendo sido inaugurado em 15 de julho de 2000. Este bonito templo religioso, de arquitetura contempor\u00e2nea, acolhe, em retiros, jovens de toda a regi\u00e3o que nele encontram serenidade e tranquilidade, que s\u00f3 estas belas paisagens podem proporcionar.<\/p>\n\n\n\n<figure class=\"wp-block-image size-full\"><img loading=\"lazy\" decoding=\"async\" width=\"950\" height=\"482\" src=\"http:\/\/jf-vilar.pt\/wp-content\/uploads\/2025\/03\/WEb_Tojeira-6-1.jpg\" alt=\"\" class=\"wp-image-1614\" srcset=\"https:\/\/jf-vilar.pt\/wp-content\/uploads\/2025\/03\/WEb_Tojeira-6-1.jpg 950w, https:\/\/jf-vilar.pt\/wp-content\/uploads\/2025\/03\/WEb_Tojeira-6-1-300x152.jpg 300w, https:\/\/jf-vilar.pt\/wp-content\/uploads\/2025\/03\/WEb_Tojeira-6-1-150x76.jpg 150w, https:\/\/jf-vilar.pt\/wp-content\/uploads\/2025\/03\/WEb_Tojeira-6-1-768x390.jpg 768w\" sizes=\"(max-width: 950px) 100vw, 950px\" \/><\/figure>\n\n\n\n<p><\/p>\n\n\n\n<p><strong>Capela de Nossa Senhora da Concei\u00e7\u00e3o \u2013 Vila Nova<\/strong><\/p>\n\n\n\n<p>A padroeira desta localidade \u00e9 Nossa Senhora da Concei\u00e7\u00e3o, sendo a capela a\u00ed existente da invoca\u00e7\u00e3o do Esp\u00edrito Santo, junto \u00e0 qual se situa o segundo cemit\u00e9rio da freguesia. A data da capela \u00e9 desconhecida, existindo na mesma uma pedra tumular, que estava colocada no seu centro, pertencente ao Padre Manuel Nunes Nobre, datada de 1723.<\/p>\n\n\n\n<figure class=\"wp-block-image size-full\"><img loading=\"lazy\" decoding=\"async\" width=\"950\" height=\"861\" src=\"http:\/\/jf-vilar.pt\/wp-content\/uploads\/2025\/03\/WEB_Vila-Nova-6.jpg\" alt=\"\" class=\"wp-image-1627\" srcset=\"https:\/\/jf-vilar.pt\/wp-content\/uploads\/2025\/03\/WEB_Vila-Nova-6.jpg 950w, https:\/\/jf-vilar.pt\/wp-content\/uploads\/2025\/03\/WEB_Vila-Nova-6-300x272.jpg 300w, https:\/\/jf-vilar.pt\/wp-content\/uploads\/2025\/03\/WEB_Vila-Nova-6-150x136.jpg 150w, https:\/\/jf-vilar.pt\/wp-content\/uploads\/2025\/03\/WEB_Vila-Nova-6-768x696.jpg 768w\" sizes=\"(max-width: 950px) 100vw, 950px\" \/><\/figure>\n\n\n\n<p><\/p>\n\n\n\n<p><strong>Capela de Nossa Senhora da Concei\u00e7\u00e3o \u2013 Rechaldeira<\/strong><\/p>\n\n\n\n<p>A capela da localidade de Rechaldeira foi inaugurada a 11 de outubro de 1953, sendo o seu orago a Nossa Senhora da Concei\u00e7\u00e3o.<\/p>\n\n\n\n<figure class=\"wp-block-image size-large\"><img loading=\"lazy\" decoding=\"async\" width=\"866\" height=\"1024\" src=\"http:\/\/jf-vilar.pt\/wp-content\/uploads\/2025\/03\/WEBRechaldeira-6-866x1024.jpg\" alt=\"\" class=\"wp-image-1604\" srcset=\"https:\/\/jf-vilar.pt\/wp-content\/uploads\/2025\/03\/WEBRechaldeira-6-866x1024.jpg 866w, https:\/\/jf-vilar.pt\/wp-content\/uploads\/2025\/03\/WEBRechaldeira-6-254x300.jpg 254w, https:\/\/jf-vilar.pt\/wp-content\/uploads\/2025\/03\/WEBRechaldeira-6-127x150.jpg 127w, https:\/\/jf-vilar.pt\/wp-content\/uploads\/2025\/03\/WEBRechaldeira-6-768x908.jpg 768w, https:\/\/jf-vilar.pt\/wp-content\/uploads\/2025\/03\/WEBRechaldeira-6.jpg 950w\" sizes=\"(max-width: 866px) 100vw, 866px\" \/><\/figure>\n\t\t\t\t\t\t\t\t<\/div>\n\t\t\t\t<\/div>\n\t\t\t\t\t<\/div>\n\t\t\t\t<\/div>\n\t\t<div class=\"elementor-element elementor-element-6157f2c e-flex e-con-boxed e-con e-parent\" data-id=\"6157f2c\" data-element_type=\"container\" data-settings=\"{&quot;background_background&quot;:&quot;gradient&quot;}\">\n\t\t\t\t\t<div class=\"e-con-inner\">\n\t\t\t\t<div class=\"elementor-element elementor-element-0d359e2 elementor-widget__width-initial elementor-widget elementor-widget-image\" data-id=\"0d359e2\" data-element_type=\"widget\" data-widget_type=\"image.default\">\n\t\t\t\t<div class=\"elementor-widget-container\">\n\t\t\t\t\t\t\t\t\t\t\t\t\t\t\t<img loading=\"lazy\" decoding=\"async\" width=\"552\" height=\"147\" src=\"https:\/\/jf-vilar.pt\/wp-content\/uploads\/2025\/04\/separador_Direita.png\" class=\"attachment-large size-large wp-image-1941\" alt=\"\" srcset=\"https:\/\/jf-vilar.pt\/wp-content\/uploads\/2025\/04\/separador_Direita.png 552w, https:\/\/jf-vilar.pt\/wp-content\/uploads\/2025\/04\/separador_Direita-300x80.png 300w, https:\/\/jf-vilar.pt\/wp-content\/uploads\/2025\/04\/separador_Direita-150x40.png 150w\" sizes=\"(max-width: 552px) 100vw, 552px\" \/>\t\t\t\t\t\t\t\t\t\t\t\t\t\t\t<\/div>\n\t\t\t\t<\/div>\n\t\t\t\t\t<\/div>\n\t\t\t\t<\/div>\n\t\t\t\t<\/div>\n\t\t","protected":false},"excerpt":{"rendered":"<p>Igreja Matriz de Vilar \u2013 Nossa Senhora do \u00d3 ou da Expecta\u00e7\u00e3o &#8211; Vilar A igreja matriz de Vilar j\u00e1 existia, pelo menos, no s\u00e9culo XIV, tendo sofrido altera\u00e7\u00f5es e a sua inaugura\u00e7\u00e3o ocorreu em 26 de julho de 1953. A atual igreja, inspirada no formul\u00e1rio da religiosa medieval, foi constru\u00edda no local da antiga [&hellip;]<\/p>\n","protected":false},"author":1,"featured_media":1309,"parent":0,"menu_order":0,"comment_status":"closed","ping_status":"closed","template":"","meta":{"_monsterinsights_skip_tracking":false,"_monsterinsights_sitenote_active":false,"_monsterinsights_sitenote_note":"","_monsterinsights_sitenote_category":0,"footnotes":""},"class_list":["post-1054","page","type-page","status-publish","has-post-thumbnail","hentry"],"aioseo_notices":[],"_links":{"self":[{"href":"https:\/\/jf-vilar.pt\/index.php\/wp-json\/wp\/v2\/pages\/1054","targetHints":{"allow":["GET"]}}],"collection":[{"href":"https:\/\/jf-vilar.pt\/index.php\/wp-json\/wp\/v2\/pages"}],"about":[{"href":"https:\/\/jf-vilar.pt\/index.php\/wp-json\/wp\/v2\/types\/page"}],"author":[{"embeddable":true,"href":"https:\/\/jf-vilar.pt\/index.php\/wp-json\/wp\/v2\/users\/1"}],"replies":[{"embeddable":true,"href":"https:\/\/jf-vilar.pt\/index.php\/wp-json\/wp\/v2\/comments?post=1054"}],"version-history":[{"count":9,"href":"https:\/\/jf-vilar.pt\/index.php\/wp-json\/wp\/v2\/pages\/1054\/revisions"}],"predecessor-version":[{"id":1972,"href":"https:\/\/jf-vilar.pt\/index.php\/wp-json\/wp\/v2\/pages\/1054\/revisions\/1972"}],"wp:featuredmedia":[{"embeddable":true,"href":"https:\/\/jf-vilar.pt\/index.php\/wp-json\/wp\/v2\/media\/1309"}],"wp:attachment":[{"href":"https:\/\/jf-vilar.pt\/index.php\/wp-json\/wp\/v2\/media?parent=1054"}],"curies":[{"name":"wp","href":"https:\/\/api.w.org\/{rel}","templated":true}]}}

Paróquia

<div data-elementor-type="wp-page" data-elementor-id="1054" class="elementor elementor-1054">
				<div class="elementor-element elementor-element-de9d516 e-flex e-con-boxed e-con e-parent" data-id="de9d516" data-element_type="container" data-settings="{&quot;background_background&quot;:&quot;gradient&quot;}">
					<div class="e-con-inner">
				<div class="elementor-element elementor-element-cc57bf1 elementor-widget elementor-widget-image" data-id="cc57bf1" data-element_type="widget" data-widget_type="image.default">
				<div class="elementor-widget-container">
															<img fetchpriority="high" decoding="async" width="497" height="152" src="https://jf-vilar.pt/wp-content/uploads/2025/04/separador_Esquerda.png" class="attachment-large size-large wp-image-1893" alt="" srcset="https://jf-vilar.pt/wp-content/uploads/2025/04/separador_Esquerda.png 497w, https://jf-vilar.pt/wp-content/uploads/2025/04/separador_Esquerda-300x92.png 300w, https://jf-vilar.pt/wp-content/uploads/2025/04/separador_Esquerda-150x46.png 150w" sizes="(max-width: 497px) 100vw, 497px" />															</div>
				</div>
					</div>
				</div>
		<div class="elementor-element elementor-element-5cb7be8a e-flex e-con-boxed e-con e-parent" data-id="5cb7be8a" data-element_type="container" data-settings="{&quot;background_background&quot;:&quot;classic&quot;}">
					<div class="e-con-inner">
				<div class="elementor-element elementor-element-7ad07240 elementor-widget elementor-widget-text-editor" data-id="7ad07240" data-element_type="widget" data-widget_type="text-editor.default">
				<div class="elementor-widget-container">
									
<p><strong>Igreja Matriz de Vilar – Nossa Senhora do Ó ou da Expectação &#8211; Vilar</strong></p>



<p>A igreja matriz de Vilar já existia, pelo menos, no século XIV, tendo sofrido alterações e a sua inauguração ocorreu em 26 de julho de 1953. A atual igreja, inspirada no formulário da religiosa medieval, foi construída no local da antiga igreja (demolida em 1947). São raras as igrejas com a invocação a Nossa Senhora do Ó, também conhecida por Nossa Senhora da Expectação, assim como as respetivas imagens que representam a gravidez de Nossa Senhora, de iconografia medieval e praticamente desaparecidas ou ocultadas após as determinações tridentinas.</p>



<figure class="wp-block-image size-large"><img decoding="async" width="1024" height="473" src="http://jf-vilar.pt/wp-content/uploads/2025/02/igreja_VILAR-1024x473.jpg" alt="" class="wp-image-1307" srcset="https://jf-vilar.pt/wp-content/uploads/2025/02/igreja_VILAR-1024x473.jpg 1024w, https://jf-vilar.pt/wp-content/uploads/2025/02/igreja_VILAR-300x139.jpg 300w, https://jf-vilar.pt/wp-content/uploads/2025/02/igreja_VILAR-150x69.jpg 150w, https://jf-vilar.pt/wp-content/uploads/2025/02/igreja_VILAR-768x355.jpg 768w, https://jf-vilar.pt/wp-content/uploads/2025/02/igreja_VILAR.jpg 1386w" sizes="(max-width: 1024px) 100vw, 1024px" /></figure>



<p></p>



<p><strong>Capela de Nossa Senhora da Ajuda – Avenal</strong></p>



<p>Erguida em honra de Nossa Senhora da Ajuda, a capela é o edifício arquitetónico de maior relevo que se pode visitar nesta localidade. Foi remodelada no século XX e desconhece-se a data da sua construção. Tinha um retábulo em madeira no altar-mor, que foi retirado.</p>



<figure class="wp-block-image size-full"><img decoding="async" width="950" height="641" src="http://jf-vilar.pt/wp-content/uploads/2025/03/WEB_Avenal-1.jpg" alt="" class="wp-image-1549" srcset="https://jf-vilar.pt/wp-content/uploads/2025/03/WEB_Avenal-1.jpg 950w, https://jf-vilar.pt/wp-content/uploads/2025/03/WEB_Avenal-1-300x202.jpg 300w, https://jf-vilar.pt/wp-content/uploads/2025/03/WEB_Avenal-1-150x101.jpg 150w, https://jf-vilar.pt/wp-content/uploads/2025/03/WEB_Avenal-1-768x518.jpg 768w" sizes="(max-width: 950px) 100vw, 950px" /></figure>



<p></p>



<p></p>



<p><strong>Igreja de São Miguel – Pereiro</strong></p>



<p>A igreja foi construída em 1611 (tal como inscrito na cúpula do altar mor), tendo como padroeiro São Miguel Arcanjo, estimando-se que a imagem existente seja mais antiga do que a própria igreja, talvez da época de 500.</p>



<figure class="wp-block-image size-full"><img loading="lazy" decoding="async" width="950" height="965" src="http://jf-vilar.pt/wp-content/uploads/2025/02/WEB_Pereiro-4.jpg" alt="" class="wp-image-1576" srcset="https://jf-vilar.pt/wp-content/uploads/2025/02/WEB_Pereiro-4.jpg 950w, https://jf-vilar.pt/wp-content/uploads/2025/02/WEB_Pereiro-4-295x300.jpg 295w, https://jf-vilar.pt/wp-content/uploads/2025/02/WEB_Pereiro-4-148x150.jpg 148w, https://jf-vilar.pt/wp-content/uploads/2025/02/WEB_Pereiro-4-768x780.jpg 768w" sizes="(max-width: 950px) 100vw, 950px" /></figure>



<p></p>



<p><strong>Capela do Sagrado Coração de Jesus – Tojeira</strong></p>



<p>A capela foi erigida, com muito esforço e dedicação de todos os populares, consagrada ao Sagrado Coração de Jesus, tendo sido inaugurado em 15 de julho de 2000. Este bonito templo religioso, de arquitetura contemporânea, acolhe, em retiros, jovens de toda a região que nele encontram serenidade e tranquilidade, que só estas belas paisagens podem proporcionar.</p>



<figure class="wp-block-image size-full"><img loading="lazy" decoding="async" width="950" height="482" src="http://jf-vilar.pt/wp-content/uploads/2025/03/WEb_Tojeira-6-1.jpg" alt="" class="wp-image-1614" srcset="https://jf-vilar.pt/wp-content/uploads/2025/03/WEb_Tojeira-6-1.jpg 950w, https://jf-vilar.pt/wp-content/uploads/2025/03/WEb_Tojeira-6-1-300x152.jpg 300w, https://jf-vilar.pt/wp-content/uploads/2025/03/WEb_Tojeira-6-1-150x76.jpg 150w, https://jf-vilar.pt/wp-content/uploads/2025/03/WEb_Tojeira-6-1-768x390.jpg 768w" sizes="(max-width: 950px) 100vw, 950px" /></figure>



<p></p>



<p><strong>Capela de Nossa Senhora da Conceição – Vila Nova</strong></p>



<p>A padroeira desta localidade é Nossa Senhora da Conceição, sendo a capela aí existente da invocação do Espírito Santo, junto à qual se situa o segundo cemitério da freguesia. A data da capela é desconhecida, existindo na mesma uma pedra tumular, que estava colocada no seu centro, pertencente ao Padre Manuel Nunes Nobre, datada de 1723.</p>



<figure class="wp-block-image size-full"><img loading="lazy" decoding="async" width="950" height="861" src="http://jf-vilar.pt/wp-content/uploads/2025/03/WEB_Vila-Nova-6.jpg" alt="" class="wp-image-1627" srcset="https://jf-vilar.pt/wp-content/uploads/2025/03/WEB_Vila-Nova-6.jpg 950w, https://jf-vilar.pt/wp-content/uploads/2025/03/WEB_Vila-Nova-6-300x272.jpg 300w, https://jf-vilar.pt/wp-content/uploads/2025/03/WEB_Vila-Nova-6-150x136.jpg 150w, https://jf-vilar.pt/wp-content/uploads/2025/03/WEB_Vila-Nova-6-768x696.jpg 768w" sizes="(max-width: 950px) 100vw, 950px" /></figure>



<p></p>



<p><strong>Capela de Nossa Senhora da Conceição – Rechaldeira</strong></p>



<p>A capela da localidade de Rechaldeira foi inaugurada a 11 de outubro de 1953, sendo o seu orago a Nossa Senhora da Conceição.</p>



<figure class="wp-block-image size-large"><img loading="lazy" decoding="async" width="866" height="1024" src="http://jf-vilar.pt/wp-content/uploads/2025/03/WEBRechaldeira-6-866x1024.jpg" alt="" class="wp-image-1604" srcset="https://jf-vilar.pt/wp-content/uploads/2025/03/WEBRechaldeira-6-866x1024.jpg 866w, https://jf-vilar.pt/wp-content/uploads/2025/03/WEBRechaldeira-6-254x300.jpg 254w, https://jf-vilar.pt/wp-content/uploads/2025/03/WEBRechaldeira-6-127x150.jpg 127w, https://jf-vilar.pt/wp-content/uploads/2025/03/WEBRechaldeira-6-768x908.jpg 768w, https://jf-vilar.pt/wp-content/uploads/2025/03/WEBRechaldeira-6.jpg 950w" sizes="(max-width: 866px) 100vw, 866px" /></figure>
								</div>
				</div>
					</div>
				</div>
		<div class="elementor-element elementor-element-6157f2c e-flex e-con-boxed e-con e-parent" data-id="6157f2c" data-element_type="container" data-settings="{&quot;background_background&quot;:&quot;gradient&quot;}">
					<div class="e-con-inner">
				<div class="elementor-element elementor-element-0d359e2 elementor-widget__width-initial elementor-widget elementor-widget-image" data-id="0d359e2" data-element_type="widget" data-widget_type="image.default">
				<div class="elementor-widget-container">
															<img loading="lazy" decoding="async" width="552" height="147" src="https://jf-vilar.pt/wp-content/uploads/2025/04/separador_Direita.png" class="attachment-large size-large wp-image-1941" alt="" srcset="https://jf-vilar.pt/wp-content/uploads/2025/04/separador_Direita.png 552w, https://jf-vilar.pt/wp-content/uploads/2025/04/separador_Direita-300x80.png 300w, https://jf-vilar.pt/wp-content/uploads/2025/04/separador_Direita-150x40.png 150w" sizes="(max-width: 552px) 100vw, 552px" />															</div>
				</div>
					</div>
				</div>
				</div>

<p>Igreja Matriz de Vilar – Nossa Senhora do Ó ou da Expectação &#8211; Vilar A igreja matriz de Vilar já existia, pelo menos, no século XIV, tendo sofrido alterações e a sua inauguração ocorreu em 26 de julho de 1953. A atual igreja, inspirada no formulário da religiosa medieval, foi construída no local da antiga [&hellip;]</p>
