{"id":1049,"date":"2025-02-07T15:41:34","date_gmt":"2025-02-07T15:41:34","guid":{"rendered":"http:\/\/jf-vilar.pt\/?page_id=1049"},"modified":"2025-04-29T19:31:27","modified_gmt":"2025-04-29T18:31:27","slug":"caracterizacao","status":"publish","type":"page","link":"https:\/\/jf-vilar.pt\/index.php\/caracterizacao\/","title":{"rendered":""},"content":{"rendered":"\t\t<div data-elementor-type=\"wp-page\" data-elementor-id=\"1049\" class=\"elementor elementor-1049\">\n\t\t\t\t<div class=\"elementor-element elementor-element-5996d996 e-flex e-con-boxed e-con e-parent\" data-id=\"5996d996\" data-element_type=\"container\" data-settings=\"{&quot;background_background&quot;:&quot;gradient&quot;}\">\n\t\t\t\t\t<div class=\"e-con-inner\">\n\t\t\t\t<div class=\"elementor-element elementor-element-e567cda elementor-widget elementor-widget-spacer\" data-id=\"e567cda\" data-element_type=\"widget\" data-widget_type=\"spacer.default\">\n\t\t\t\t<div class=\"elementor-widget-container\">\n\t\t\t\t\t\t\t<div class=\"elementor-spacer\">\n\t\t\t<div class=\"elementor-spacer-inner\"><\/div>\n\t\t<\/div>\n\t\t\t\t\t\t<\/div>\n\t\t\t\t<\/div>\n\t\t\t\t<div class=\"elementor-element elementor-element-5f14397 elementor-widget elementor-widget-heading\" data-id=\"5f14397\" data-element_type=\"widget\" data-widget_type=\"heading.default\">\n\t\t\t\t<div class=\"elementor-widget-container\">\n\t\t\t\t\t<h2 class=\"elementor-heading-title elementor-size-default\">Caracteriza\u00e7\u00e3o<\/h2>\t\t\t\t<\/div>\n\t\t\t\t<\/div>\n\t\t\t\t<div class=\"elementor-element elementor-element-7b7fb33 elementor-widget elementor-widget-image\" data-id=\"7b7fb33\" data-element_type=\"widget\" data-widget_type=\"image.default\">\n\t\t\t\t<div class=\"elementor-widget-container\">\n\t\t\t\t\t\t\t\t\t\t\t\t\t\t\t<img fetchpriority=\"high\" decoding=\"async\" width=\"552\" height=\"147\" src=\"https:\/\/jf-vilar.pt\/wp-content\/uploads\/2025\/04\/separador_Direita.png\" class=\"attachment-large size-large wp-image-1941\" alt=\"\" srcset=\"https:\/\/jf-vilar.pt\/wp-content\/uploads\/2025\/04\/separador_Direita.png 552w, https:\/\/jf-vilar.pt\/wp-content\/uploads\/2025\/04\/separador_Direita-300x80.png 300w, https:\/\/jf-vilar.pt\/wp-content\/uploads\/2025\/04\/separador_Direita-150x40.png 150w\" sizes=\"(max-width: 552px) 100vw, 552px\" \/>\t\t\t\t\t\t\t\t\t\t\t\t\t\t\t<\/div>\n\t\t\t\t<\/div>\n\t\t\t\t<div class=\"elementor-element elementor-element-509d05a8 elementor-widget elementor-widget-text-editor\" data-id=\"509d05a8\" data-element_type=\"widget\" data-widget_type=\"text-editor.default\">\n\t\t\t\t<div class=\"elementor-widget-container\">\n\t\t\t\t\t\t\t\t\t<p>Vilar \u00e9 uma freguesia portuguesa do concelho do Cadaval (regi\u00e3o Oeste e Vale do Tejo), com 16,93 km2 de \u00e1rea e cerca de 1565 habitantes (2021), sendo cerca de 1\/5 desta \u00e1rea correspondente a \u00e1rea baldia na Serra de Montejunto, propriedade da Assembleia de Compartes dos Baldios da Freguesia de Vilar, constitu\u00edda em 2012.<\/p>\n<p><!-- \/wp:paragraph --><!-- wp:paragraph --><\/p>\n<p>Situada no limite sul do concelho do Cadaval, esta freguesia \u00e9 atravessada pela EN 115 que a liga aos concelhos de Alenquer e Torres Vedras, com os quais faz fronteira. Internamente, faz fronteira com Pero Moniz e Lamas.<\/p>\n<p><!-- \/wp:paragraph --><!-- wp:paragraph --><\/p>\n<p>A Freguesia de Vilar \u00e9 constitu\u00edda por diversas povoa\u00e7\u00f5es e lugares, nomeadamente Arrabalde, Avenal, Carvalhal, Palhais, Pereiro, Rechaldeira, Seixo, Tojeira, Vila Nova e Vilar.<\/p>\n<p>\u00a0<\/p>\n<p>\u00a0<\/p>\n<p><!-- \/wp:paragraph --><\/p>\t\t\t\t\t\t\t\t<\/div>\n\t\t\t\t<\/div>\n\t\t\t\t<div class=\"elementor-element elementor-element-f816b76 elementor-widget elementor-widget-image\" data-id=\"f816b76\" data-element_type=\"widget\" data-widget_type=\"image.default\">\n\t\t\t\t<div class=\"elementor-widget-container\">\n\t\t\t\t\t\t\t\t\t\t\t\t\t\t\t<img decoding=\"async\" width=\"497\" height=\"152\" src=\"https:\/\/jf-vilar.pt\/wp-content\/uploads\/2025\/04\/separador_Esquerda.png\" class=\"attachment-large size-large wp-image-1893\" alt=\"\" srcset=\"https:\/\/jf-vilar.pt\/wp-content\/uploads\/2025\/04\/separador_Esquerda.png 497w, https:\/\/jf-vilar.pt\/wp-content\/uploads\/2025\/04\/separador_Esquerda-300x92.png 300w, https:\/\/jf-vilar.pt\/wp-content\/uploads\/2025\/04\/separador_Esquerda-150x46.png 150w\" sizes=\"(max-width: 497px) 100vw, 497px\" \/>\t\t\t\t\t\t\t\t\t\t\t\t\t\t\t<\/div>\n\t\t\t\t<\/div>\n\t\t\t\t\t<\/div>\n\t\t\t\t<\/div>\n\t\t\t\t<\/div>\n\t\t","protected":false},"excerpt":{"rendered":"<p>Caracteriza\u00e7\u00e3o Vilar \u00e9 uma freguesia portuguesa do concelho do Cadaval (regi\u00e3o Oeste e Vale do Tejo), com 16,93 km2 de \u00e1rea e cerca de 1565 habitantes (2021), sendo cerca de 1\/5 desta \u00e1rea correspondente a \u00e1rea baldia na Serra de Montejunto, propriedade da Assembleia de Compartes dos Baldios da Freguesia de Vilar, constitu\u00edda em 2012. [&hellip;]<\/p>\n","protected":false},"author":1,"featured_media":15,"parent":0,"menu_order":0,"comment_status":"closed","ping_status":"closed","template":"","meta":{"_monsterinsights_skip_tracking":false,"_monsterinsights_sitenote_active":false,"_monsterinsights_sitenote_note":"","_monsterinsights_sitenote_category":0,"footnotes":""},"class_list":["post-1049","page","type-page","status-publish","has-post-thumbnail","hentry"],"aioseo_notices":[],"_links":{"self":[{"href":"https:\/\/jf-vilar.pt\/index.php\/wp-json\/wp\/v2\/pages\/1049","targetHints":{"allow":["GET"]}}],"collection":[{"href":"https:\/\/jf-vilar.pt\/index.php\/wp-json\/wp\/v2\/pages"}],"about":[{"href":"https:\/\/jf-vilar.pt\/index.php\/wp-json\/wp\/v2\/types\/page"}],"author":[{"embeddable":true,"href":"https:\/\/jf-vilar.pt\/index.php\/wp-json\/wp\/v2\/users\/1"}],"replies":[{"embeddable":true,"href":"https:\/\/jf-vilar.pt\/index.php\/wp-json\/wp\/v2\/comments?post=1049"}],"version-history":[{"count":36,"href":"https:\/\/jf-vilar.pt\/index.php\/wp-json\/wp\/v2\/pages\/1049\/revisions"}],"predecessor-version":[{"id":2194,"href":"https:\/\/jf-vilar.pt\/index.php\/wp-json\/wp\/v2\/pages\/1049\/revisions\/2194"}],"wp:featuredmedia":[{"embeddable":true,"href":"https:\/\/jf-vilar.pt\/index.php\/wp-json\/wp\/v2\/media\/15"}],"wp:attachment":[{"href":"https:\/\/jf-vilar.pt\/index.php\/wp-json\/wp\/v2\/media?parent=1049"}],"curies":[{"name":"wp","href":"https:\/\/api.w.org\/{rel}","templated":true}]}}

<div data-elementor-type="wp-page" data-elementor-id="1049" class="elementor elementor-1049">
				<div class="elementor-element elementor-element-5996d996 e-flex e-con-boxed e-con e-parent" data-id="5996d996" data-element_type="container" data-settings="{&quot;background_background&quot;:&quot;gradient&quot;}">
					<div class="e-con-inner">
				<div class="elementor-element elementor-element-e567cda elementor-widget elementor-widget-spacer" data-id="e567cda" data-element_type="widget" data-widget_type="spacer.default">
				<div class="elementor-widget-container">
							<div class="elementor-spacer">
			<div class="elementor-spacer-inner"></div>
		</div>
						</div>
				</div>
				<div class="elementor-element elementor-element-5f14397 elementor-widget elementor-widget-heading" data-id="5f14397" data-element_type="widget" data-widget_type="heading.default">
				<div class="elementor-widget-container">
					<h2 class="elementor-heading-title elementor-size-default">Caracterização</h2>				</div>
				</div>
				<div class="elementor-element elementor-element-7b7fb33 elementor-widget elementor-widget-image" data-id="7b7fb33" data-element_type="widget" data-widget_type="image.default">
				<div class="elementor-widget-container">
															<img fetchpriority="high" decoding="async" width="552" height="147" src="https://jf-vilar.pt/wp-content/uploads/2025/04/separador_Direita.png" class="attachment-large size-large wp-image-1941" alt="" srcset="https://jf-vilar.pt/wp-content/uploads/2025/04/separador_Direita.png 552w, https://jf-vilar.pt/wp-content/uploads/2025/04/separador_Direita-300x80.png 300w, https://jf-vilar.pt/wp-content/uploads/2025/04/separador_Direita-150x40.png 150w" sizes="(max-width: 552px) 100vw, 552px" />															</div>
				</div>
				<div class="elementor-element elementor-element-509d05a8 elementor-widget elementor-widget-text-editor" data-id="509d05a8" data-element_type="widget" data-widget_type="text-editor.default">
				<div class="elementor-widget-container">
									<p>Vilar é uma freguesia portuguesa do concelho do Cadaval (região Oeste e Vale do Tejo), com 16,93 km2 de área e cerca de 1565 habitantes (2021), sendo cerca de 1/5 desta área correspondente a área baldia na Serra de Montejunto, propriedade da Assembleia de Compartes dos Baldios da Freguesia de Vilar, constituída em 2012.</p>
<p><!-- /wp:paragraph --><!-- wp:paragraph --></p>
<p>Situada no limite sul do concelho do Cadaval, esta freguesia é atravessada pela EN 115 que a liga aos concelhos de Alenquer e Torres Vedras, com os quais faz fronteira. Internamente, faz fronteira com Pero Moniz e Lamas.</p>
<p><!-- /wp:paragraph --><!-- wp:paragraph --></p>
<p>A Freguesia de Vilar é constituída por diversas povoações e lugares, nomeadamente Arrabalde, Avenal, Carvalhal, Palhais, Pereiro, Rechaldeira, Seixo, Tojeira, Vila Nova e Vilar.</p>
<p> </p>
<p> </p>
<p><!-- /wp:paragraph --></p>								</div>
				</div>
				<div class="elementor-element elementor-element-f816b76 elementor-widget elementor-widget-image" data-id="f816b76" data-element_type="widget" data-widget_type="image.default">
				<div class="elementor-widget-container">
															<img decoding="async" width="497" height="152" src="https://jf-vilar.pt/wp-content/uploads/2025/04/separador_Esquerda.png" class="attachment-large size-large wp-image-1893" alt="" srcset="https://jf-vilar.pt/wp-content/uploads/2025/04/separador_Esquerda.png 497w, https://jf-vilar.pt/wp-content/uploads/2025/04/separador_Esquerda-300x92.png 300w, https://jf-vilar.pt/wp-content/uploads/2025/04/separador_Esquerda-150x46.png 150w" sizes="(max-width: 497px) 100vw, 497px" />															</div>
				</div>
					</div>
				</div>
				</div>

<p>Caracterização Vilar é uma freguesia portuguesa do concelho do Cadaval (região Oeste e Vale do Tejo), com 16,93 km2 de área e cerca de 1565 habitantes (2021), sendo cerca de 1/5 desta área correspondente a área baldia na Serra de Montejunto, propriedade da Assembleia de Compartes dos Baldios da Freguesia de Vilar, constituída em 2012. [&hellip;]</p>
