{"id":169,"date":"2025-02-04T12:48:14","date_gmt":"2025-02-04T12:48:14","guid":{"rendered":"http:\/\/localhost\/wordpress\/pressville-content\/?post_type=lsvr_person&#038;p=169"},"modified":"2025-02-28T22:56:35","modified_gmt":"2025-02-28T22:56:35","slug":"antonio-joaquim","status":"publish","type":"lsvr_person","link":"https:\/\/jf-vilar.pt\/index.php\/people\/antonio-joaquim\/","title":{"rendered":"Ant\u00f3nio Joaquim da Silva Pereira"},"content":{"rendered":"\n<p>(PSD)<\/p>\n\n\n\n<p>Estimados Fregueses,<br><br>\u00c9 com orgulho e estima que vos sa\u00fado, uma vez mais, na qualidade de Presidente da Junta de Freguesia, mas especialmente como cidad\u00e3o, fregu\u00eas e conterr\u00e2neo.<br><br>Ser Presidente da Junta significa estar presente, estar dispon\u00edvel, conhecer o territ\u00f3rio e as pessoas na sua ess\u00eancia. As Juntas de Freguesia s\u00e3o o \u00f3rg\u00e3o mais pr\u00f3ximo das pessoas e, como tal, o primeiro a quem a popula\u00e7\u00e3o recorre. Estamos c\u00e1 todos os dias, dando sempre o nosso melhor e assim continuaremos a fazer. Da minha parte, continuo com os atendimentos presenciais \u00e0s ter\u00e7as-feiras \u00e0s 21h\/21h30 e reuni\u00f5es com os fregueses, sempre que poss\u00edvel.<br><br>Aproveito para fazer um apelo \u00e0 nossa comunidade quanto \u00e0 responsabilidade social individual, referindo dois temas preocupantes para a sa\u00fade p\u00fablica e para a sustentabilidade: a escassez e desperd\u00edcio de \u00e1gua pot\u00e1vel e a problem\u00e1tica dos dejetos caninos, e por vezes de outros animais, na via p\u00fablica.<br><br>A \u00e1gua pot\u00e1vel \u00e9 um recurso vital para a sobreviv\u00eancia humana, para a produ\u00e7\u00e3o agr\u00edcola e industrial, para gerar energia e para o bem-estar ambiental. <br><br>A poupan\u00e7a de \u00e1gua \u00e9 essencial, por isso apelamos ao consumo consciente e reutiliza\u00e7\u00e3o da \u00e1gua pot\u00e1vel, seja atrav\u00e9s do aproveitamento da \u00e1gua da chuva, reutiliza\u00e7\u00e3o da \u00e1gua desperdi\u00e7ada enquanto aquece a \u00e1gua do banho, optar por torneiras e chuveiros eficientes e utilizar rega gota-a-gota, para mencionar apenas algumas solu\u00e7\u00f5es mais conscientes, rent\u00e1veis e sustent\u00e1veis.<br><br>Apelo, tamb\u00e9m, \u00e0 sensibiliza\u00e7\u00e3o para que os cidad\u00e3os n\u00e3o deixem os dejetos dos seus animais nas ruas ou espa\u00e7os p\u00fablicos. Os dejetos de animais podem acarretar problemas de sa\u00fade p\u00fablica, com a propaga\u00e7\u00e3o de doen\u00e7as nos seres humanos e, ainda, problemas ambientais, com a contamina\u00e7\u00e3o do solo e da \u00e1gua. <br><br>Assim, enquanto Presidente da Junta e tamb\u00e9m enquanto cidad\u00e3o e fregu\u00eas, refor\u00e7o o meu apelo para que cada um de n\u00f3s seja mais respons\u00e1vel e fa\u00e7a a sua parte.<\/p>\n\n\n\n<p>Com toda a estima,<br>Ant\u00f3nio Joaquim<\/p>\n","protected":false},"excerpt":{"rendered":"<p>(PSD) Estimados Fregueses, \u00c9 com orgulho e estima que vos sa\u00fado, uma vez mais, na qualidade de Presidente da Junta de Freguesia, mas especialmente como cidad\u00e3o, fregu\u00eas e conterr\u00e2neo. Ser Presidente da Junta significa estar presente, estar dispon\u00edvel, conhecer o territ\u00f3rio e as pessoas na sua ess\u00eancia. As Juntas de Freguesia s\u00e3o o \u00f3rg\u00e3o mais [&hellip;]<\/p>\n","protected":false},"author":1,"featured_media":1041,"template":"","meta":{"_monsterinsights_skip_tracking":false,"_monsterinsights_sitenote_active":false,"_monsterinsights_sitenote_note":"","_monsterinsights_sitenote_category":0},"lsvr_person_cat":[207,201],"class_list":["post-169","lsvr_person","type-lsvr_person","status-publish","has-post-thumbnail","hentry","lsvr_person_cat-junta-freguesia","lsvr_person_cat-presidente"],"aioseo_notices":[],"_links":{"self":[{"href":"https:\/\/jf-vilar.pt\/index.php\/wp-json\/wp\/v2\/lsvr_person\/169","targetHints":{"allow":["GET"]}}],"collection":[{"href":"https:\/\/jf-vilar.pt\/index.php\/wp-json\/wp\/v2\/lsvr_person"}],"about":[{"href":"https:\/\/jf-vilar.pt\/index.php\/wp-json\/wp\/v2\/types\/lsvr_person"}],"author":[{"embeddable":true,"href":"https:\/\/jf-vilar.pt\/index.php\/wp-json\/wp\/v2\/users\/1"}],"wp:featuredmedia":[{"embeddable":true,"href":"https:\/\/jf-vilar.pt\/index.php\/wp-json\/wp\/v2\/media\/1041"}],"wp:attachment":[{"href":"https:\/\/jf-vilar.pt\/index.php\/wp-json\/wp\/v2\/media?parent=169"}],"wp:term":[{"taxonomy":"lsvr_person_cat","embeddable":true,"href":"https:\/\/jf-vilar.pt\/index.php\/wp-json\/wp\/v2\/lsvr_person_cat?post=169"}],"curies":[{"name":"wp","href":"https:\/\/api.w.org\/{rel}","templated":true}]}}

António Joaquim da Silva Pereira

<p>(PSD)</p>



<p>Estimados Fregueses,<br><br>É com orgulho e estima que vos saúdo, uma vez mais, na qualidade de Presidente da Junta de Freguesia, mas especialmente como cidadão, freguês e conterrâneo.<br><br>Ser Presidente da Junta significa estar presente, estar disponível, conhecer o território e as pessoas na sua essência. As Juntas de Freguesia são o órgão mais próximo das pessoas e, como tal, o primeiro a quem a população recorre. Estamos cá todos os dias, dando sempre o nosso melhor e assim continuaremos a fazer. Da minha parte, continuo com os atendimentos presenciais às terças-feiras às 21h/21h30 e reuniões com os fregueses, sempre que possível.<br><br>Aproveito para fazer um apelo à nossa comunidade quanto à responsabilidade social individual, referindo dois temas preocupantes para a saúde pública e para a sustentabilidade: a escassez e desperdício de água potável e a problemática dos dejetos caninos, e por vezes de outros animais, na via pública.<br><br>A água potável é um recurso vital para a sobrevivência humana, para a produção agrícola e industrial, para gerar energia e para o bem-estar ambiental. <br><br>A poupança de água é essencial, por isso apelamos ao consumo consciente e reutilização da água potável, seja através do aproveitamento da água da chuva, reutilização da água desperdiçada enquanto aquece a água do banho, optar por torneiras e chuveiros eficientes e utilizar rega gota-a-gota, para mencionar apenas algumas soluções mais conscientes, rentáveis e sustentáveis.<br><br>Apelo, também, à sensibilização para que os cidadãos não deixem os dejetos dos seus animais nas ruas ou espaços públicos. Os dejetos de animais podem acarretar problemas de saúde pública, com a propagação de doenças nos seres humanos e, ainda, problemas ambientais, com a contaminação do solo e da água. <br><br>Assim, enquanto Presidente da Junta e também enquanto cidadão e freguês, reforço o meu apelo para que cada um de nós seja mais responsável e faça a sua parte.</p>



<p>Com toda a estima,<br>António Joaquim</p>

<p>(PSD) Estimados Fregueses, É com orgulho e estima que vos saúdo, uma vez mais, na qualidade de Presidente da Junta de Freguesia, mas especialmente como cidadão, freguês e conterrâneo. Ser Presidente da Junta significa estar presente, estar disponível, conhecer o território e as pessoas na sua essência. As Juntas de Freguesia são o órgão mais [&hellip;]</p>
