{"id":1509,"date":"2025-03-03T16:18:46","date_gmt":"2025-03-03T16:18:46","guid":{"rendered":"https:\/\/jf-vilar.pt\/?post_type=lsvr_listing&#038;p=1509"},"modified":"2025-03-03T16:19:03","modified_gmt":"2025-03-03T16:19:03","slug":"amv-associacao-musical-vilarense","status":"publish","type":"lsvr_listing","link":"https:\/\/jf-vilar.pt\/index.php\/directory\/amv-associacao-musical-vilarense\/","title":{"rendered":"AMV \u2013 Associa\u00e7\u00e3o Musical Vilarense"},"content":{"rendered":"\n<p class=\"has-text-align-center\"><a href=\"mailto:amvilarense1979@gmail.com\">amvilarense1979@gmail.com<\/a><\/p>\n\n\n\n<figure class=\"wp-block-gallery has-nested-images columns-default is-cropped wp-block-gallery-1 is-layout-flex wp-block-gallery-is-layout-flex\">\n<figure class=\"wp-block-image size-large\"><img fetchpriority=\"high\" decoding=\"async\" width=\"1024\" height=\"605\" data-id=\"1511\" src=\"https:\/\/jf-vilar.pt\/wp-content\/uploads\/2025\/03\/musica_vilar1-1024x605.jpg\" alt=\"\" class=\"wp-image-1511\" srcset=\"https:\/\/jf-vilar.pt\/wp-content\/uploads\/2025\/03\/musica_vilar1-1024x605.jpg 1024w, https:\/\/jf-vilar.pt\/wp-content\/uploads\/2025\/03\/musica_vilar1-300x177.jpg 300w, https:\/\/jf-vilar.pt\/wp-content\/uploads\/2025\/03\/musica_vilar1-150x89.jpg 150w, https:\/\/jf-vilar.pt\/wp-content\/uploads\/2025\/03\/musica_vilar1-768x454.jpg 768w, https:\/\/jf-vilar.pt\/wp-content\/uploads\/2025\/03\/musica_vilar1.jpg 1284w\" sizes=\"(max-width: 1024px) 100vw, 1024px\" \/><\/figure>\n\n\n\n<figure class=\"wp-block-image size-large\"><img decoding=\"async\" width=\"1024\" height=\"768\" data-id=\"1512\" src=\"https:\/\/jf-vilar.pt\/wp-content\/uploads\/2025\/03\/musica_vilar2-1024x768.jpg\" alt=\"\" class=\"wp-image-1512\" srcset=\"https:\/\/jf-vilar.pt\/wp-content\/uploads\/2025\/03\/musica_vilar2-1024x768.jpg 1024w, https:\/\/jf-vilar.pt\/wp-content\/uploads\/2025\/03\/musica_vilar2-300x225.jpg 300w, https:\/\/jf-vilar.pt\/wp-content\/uploads\/2025\/03\/musica_vilar2-150x113.jpg 150w, https:\/\/jf-vilar.pt\/wp-content\/uploads\/2025\/03\/musica_vilar2-768x576.jpg 768w, https:\/\/jf-vilar.pt\/wp-content\/uploads\/2025\/03\/musica_vilar2-1536x1152.jpg 1536w, https:\/\/jf-vilar.pt\/wp-content\/uploads\/2025\/03\/musica_vilar2.jpg 1600w\" sizes=\"(max-width: 1024px) 100vw, 1024px\" \/><\/figure>\n<\/figure>\n\n\n\n<p><\/p>\n\n\n\n<p><em>A <strong><u>Associa\u00e7\u00e3o Musical Vilarense<\/u><\/strong>, a funcionar nas instala\u00e7\u00f5es do Grupo Desportivo Vilarense, constitu\u00edda em 02 de agosto de 1979, sendo os seus objetivos o incentivo do gosto pela m\u00fasica e ministrar o ensino musical, conduzindo \u00e0 forma\u00e7\u00e3o de m\u00fasicos, proporcionando melhor aproveitamento dos tempos livres.<\/em><\/p>\n\n\n\n<p><\/p>\n","protected":false},"excerpt":{"rendered":"<p>amvilarense1979@gmail.com A Associa\u00e7\u00e3o Musical Vilarense, a funcionar nas instala\u00e7\u00f5es do Grupo Desportivo Vilarense, constitu\u00edda em 02 de agosto de 1979, sendo os seus objetivos o incentivo do gosto pela m\u00fasica e ministrar o ensino musical, conduzindo \u00e0 forma\u00e7\u00e3o de m\u00fasicos, proporcionando melhor aproveitamento dos tempos livres.<\/p>\n","protected":false},"author":1,"featured_media":1510,"template":"","meta":{"_monsterinsights_skip_tracking":false,"_monsterinsights_sitenote_active":false,"_monsterinsights_sitenote_note":"","_monsterinsights_sitenote_category":0,"footnotes":""},"lsvr_listing_cat":[206],"lsvr_listing_tag":[],"class_list":["post-1509","lsvr_listing","type-lsvr_listing","status-publish","has-post-thumbnail","hentry","lsvr_listing_cat-associacao"],"aioseo_notices":[],"_links":{"self":[{"href":"https:\/\/jf-vilar.pt\/index.php\/wp-json\/wp\/v2\/lsvr_listing\/1509","targetHints":{"allow":["GET"]}}],"collection":[{"href":"https:\/\/jf-vilar.pt\/index.php\/wp-json\/wp\/v2\/lsvr_listing"}],"about":[{"href":"https:\/\/jf-vilar.pt\/index.php\/wp-json\/wp\/v2\/types\/lsvr_listing"}],"author":[{"embeddable":true,"href":"https:\/\/jf-vilar.pt\/index.php\/wp-json\/wp\/v2\/users\/1"}],"version-history":[{"count":2,"href":"https:\/\/jf-vilar.pt\/index.php\/wp-json\/wp\/v2\/lsvr_listing\/1509\/revisions"}],"predecessor-version":[{"id":1515,"href":"https:\/\/jf-vilar.pt\/index.php\/wp-json\/wp\/v2\/lsvr_listing\/1509\/revisions\/1515"}],"wp:featuredmedia":[{"embeddable":true,"href":"https:\/\/jf-vilar.pt\/index.php\/wp-json\/wp\/v2\/media\/1510"}],"wp:attachment":[{"href":"https:\/\/jf-vilar.pt\/index.php\/wp-json\/wp\/v2\/media?parent=1509"}],"wp:term":[{"taxonomy":"lsvr_listing_cat","embeddable":true,"href":"https:\/\/jf-vilar.pt\/index.php\/wp-json\/wp\/v2\/lsvr_listing_cat?post=1509"},{"taxonomy":"lsvr_listing_tag","embeddable":true,"href":"https:\/\/jf-vilar.pt\/index.php\/wp-json\/wp\/v2\/lsvr_listing_tag?post=1509"}],"curies":[{"name":"wp","href":"https:\/\/api.w.org\/{rel}","templated":true}]}}

AMV – Associação Musical Vilarense

<p class="has-text-align-center"><a href="mailto:amvilarense1979@gmail.com">amvilarense1979@gmail.com</a></p>



<figure class="wp-block-gallery has-nested-images columns-default is-cropped wp-block-gallery-1 is-layout-flex wp-block-gallery-is-layout-flex">
<figure class="wp-block-image size-large"><img fetchpriority="high" decoding="async" width="1024" height="605" data-id="1511" src="https://jf-vilar.pt/wp-content/uploads/2025/03/musica_vilar1-1024x605.jpg" alt="" class="wp-image-1511" srcset="https://jf-vilar.pt/wp-content/uploads/2025/03/musica_vilar1-1024x605.jpg 1024w, https://jf-vilar.pt/wp-content/uploads/2025/03/musica_vilar1-300x177.jpg 300w, https://jf-vilar.pt/wp-content/uploads/2025/03/musica_vilar1-150x89.jpg 150w, https://jf-vilar.pt/wp-content/uploads/2025/03/musica_vilar1-768x454.jpg 768w, https://jf-vilar.pt/wp-content/uploads/2025/03/musica_vilar1.jpg 1284w" sizes="(max-width: 1024px) 100vw, 1024px" /></figure>



<figure class="wp-block-image size-large"><img decoding="async" width="1024" height="768" data-id="1512" src="https://jf-vilar.pt/wp-content/uploads/2025/03/musica_vilar2-1024x768.jpg" alt="" class="wp-image-1512" srcset="https://jf-vilar.pt/wp-content/uploads/2025/03/musica_vilar2-1024x768.jpg 1024w, https://jf-vilar.pt/wp-content/uploads/2025/03/musica_vilar2-300x225.jpg 300w, https://jf-vilar.pt/wp-content/uploads/2025/03/musica_vilar2-150x113.jpg 150w, https://jf-vilar.pt/wp-content/uploads/2025/03/musica_vilar2-768x576.jpg 768w, https://jf-vilar.pt/wp-content/uploads/2025/03/musica_vilar2-1536x1152.jpg 1536w, https://jf-vilar.pt/wp-content/uploads/2025/03/musica_vilar2.jpg 1600w" sizes="(max-width: 1024px) 100vw, 1024px" /></figure>
</figure>



<p></p>



<p><em>A <strong><u>Associação Musical Vilarense</u></strong>, a funcionar nas instalações do Grupo Desportivo Vilarense, constituída em 02 de agosto de 1979, sendo os seus objetivos o incentivo do gosto pela música e ministrar o ensino musical, conduzindo à formação de músicos, proporcionando melhor aproveitamento dos tempos livres.</em></p>



<p></p>

<p>amvilarense1979@gmail.com A Associação Musical Vilarense, a funcionar nas instalações do Grupo Desportivo Vilarense, constituída em 02 de agosto de 1979, sendo os seus objetivos o incentivo do gosto pela música e ministrar o ensino musical, conduzindo à formação de músicos, proporcionando melhor aproveitamento dos tempos livres.</p>
