{"id":125,"date":"2025-02-12T14:04:18","date_gmt":"2025-02-12T14:04:18","guid":{"rendered":"http:\/\/localhost\/wordpress\/pressville-content\/?post_type=lsvr_document&#038;p=125"},"modified":"2025-03-27T08:54:19","modified_gmt":"2025-03-27T08:54:19","slug":"town-board-application","status":"publish","type":"lsvr_document","link":"https:\/\/jf-vilar.pt\/index.php\/documents\/town-board-application\/","title":{"rendered":"Boletim N\u00ba 45 &#8211; 2023"},"content":{"rendered":"\n<p><strong>Boletim junta de Freguesia Vilar<\/strong><\/p>\n\n\n\n<p>Mais uma edi\u00e7\u00e3o do boletim da Freguesia de Vilar, este meio de comunica\u00e7\u00e3o tradicional, simp\u00e1tico e ilustrativo de levar not\u00edcias das nossas terras a toda a popula\u00e7\u00e3o, aos que est\u00e3o perto e aos saudosos que est\u00e3o longe. <\/p>\n\n\n\n<p>Esta edi\u00e7\u00e3o n\u00ba 45 compreende todo o ano de 2023 e a grande novidade \u00e9 que passa a existir tamb\u00e9m em formato digital!<br><br>Os \u00faltimos anos t\u00eam sido marcados pela pandemia Covid-19 e, infelizmente, pelas guerras, nomeadamente na Ucr\u00e2nia e na Faixa de Gaza, mas n\u00e3o s\u00f3, porque estas s\u00e3o apenas as mais faladas nos meios de comunica\u00e7\u00e3o, atualmente. <br><br>Temos a tend\u00eancia de nos esquecer dos pa\u00edses que se encontram em guerra h\u00e1 muitos anos, de povos a precisarem de bens de primeira necessidade e alguns at\u00e9 bem perto das nossas portas. Com a mais recente infla\u00e7\u00e3o e atual situa\u00e7\u00e3o econ\u00f3mica, com os problemas no Servi\u00e7o Nacional de Sa\u00fade e na Educa\u00e7\u00e3o, apenas para nomear alguns, a vida est\u00e1 mais dif\u00edcil para a maioria e, infelizmente, tem tend\u00eancia a piorar. <br><br>Vamos, assim, tentar estar mais atentos ao pr\u00f3ximo e dar a m\u00e3o a quem mais precisa, na medida das nossas possibilidades, para que juntos consigamos marcar a diferen\u00e7a na constru\u00e7\u00e3o de um mundo melhor para todos!<br><br>Damos especial destaque e lembramos quem outrora tamb\u00e9m teve que tomar a sua posi\u00e7\u00e3o em guerras e dificuldades de outros tempos, homenageando os combatentes da freguesia com o novo monumento, junto \u00e0 Rua do Teatro, e o mural pintado com as cores das bandeiras das ex-col\u00f3nias portuguesas.<br><br>Esperamos que este boletim e as atividades das nossas terras ajudem a reconfortar e atenuar os tempos mais dif\u00edceis. Damos as boas-vindas aos novos moradores na freguesia, que convidamos a conhecer um pouco mais sobre a Freguesia de Vilar, atrav\u00e9s destas p\u00e1ginas. Aos de sempre, os que nos acompanham por c\u00e1 e aos que est\u00e3o longe com saudades, aqui vai mais um bocadinho da nossa terra!<\/p>\n\n\n\n<div data-wp-interactive=\"core\/file\" class=\"wp-block-file\"><object data-wp-bind--hidden=\"!state.hasPdfPreview\" hidden class=\"wp-block-file__embed\" data=\"http:\/\/jf-vilar.pt\/wp-content\/uploads\/2018\/03\/Boletim-45-F2023.pdf\" type=\"application\/pdf\" style=\"width:100%;height:600px\" aria-label=\"Incorpora\u00e7\u00e3o de Boletim 45 - F2023.\"><\/object><a id=\"wp-block-file--media-775da8d7-c770-4f26-bb1d-6a94eff47089\" href=\"http:\/\/jf-vilar.pt\/wp-content\/uploads\/2018\/03\/Boletim-45-F2023.pdf\">Boletim 45 &#8211; F2023<\/a><a href=\"http:\/\/jf-vilar.pt\/wp-content\/uploads\/2018\/03\/Boletim-45-F2023.pdf\" class=\"wp-block-file__button wp-element-button\" download aria-describedby=\"wp-block-file--media-775da8d7-c770-4f26-bb1d-6a94eff47089\">Descarregar<\/a><\/div>\n\n\n\n<p><\/p>\n","protected":false},"excerpt":{"rendered":"<p>O Boletim \u00e9 Anual<\/p>\n","protected":false},"author":1,"template":"","meta":{"_monsterinsights_skip_tracking":false,"_monsterinsights_sitenote_active":false,"_monsterinsights_sitenote_note":"","_monsterinsights_sitenote_category":0,"footnotes":""},"lsvr_document_cat":[204],"lsvr_document_tag":[205],"class_list":["post-125","lsvr_document","type-lsvr_document","status-publish","hentry","lsvr_document_cat-boletim","lsvr_document_tag-boletim-2023"],"aioseo_notices":[],"_links":{"self":[{"href":"https:\/\/jf-vilar.pt\/index.php\/wp-json\/wp\/v2\/lsvr_document\/125","targetHints":{"allow":["GET"]}}],"collection":[{"href":"https:\/\/jf-vilar.pt\/index.php\/wp-json\/wp\/v2\/lsvr_document"}],"about":[{"href":"https:\/\/jf-vilar.pt\/index.php\/wp-json\/wp\/v2\/types\/lsvr_document"}],"author":[{"embeddable":true,"href":"https:\/\/jf-vilar.pt\/index.php\/wp-json\/wp\/v2\/users\/1"}],"version-history":[{"count":5,"href":"https:\/\/jf-vilar.pt\/index.php\/wp-json\/wp\/v2\/lsvr_document\/125\/revisions"}],"predecessor-version":[{"id":1335,"href":"https:\/\/jf-vilar.pt\/index.php\/wp-json\/wp\/v2\/lsvr_document\/125\/revisions\/1335"}],"wp:attachment":[{"href":"https:\/\/jf-vilar.pt\/index.php\/wp-json\/wp\/v2\/media?parent=125"}],"wp:term":[{"taxonomy":"lsvr_document_cat","embeddable":true,"href":"https:\/\/jf-vilar.pt\/index.php\/wp-json\/wp\/v2\/lsvr_document_cat?post=125"},{"taxonomy":"lsvr_document_tag","embeddable":true,"href":"https:\/\/jf-vilar.pt\/index.php\/wp-json\/wp\/v2\/lsvr_document_tag?post=125"}],"curies":[{"name":"wp","href":"https:\/\/api.w.org\/{rel}","templated":true}]}}

Boletim Nº 45 &#8211; 2023

<p><strong>Boletim junta de Freguesia Vilar</strong></p>



<p>Mais uma edição do boletim da Freguesia de Vilar, este meio de comunicação tradicional, simpático e ilustrativo de levar notícias das nossas terras a toda a população, aos que estão perto e aos saudosos que estão longe. </p>



<p>Esta edição nº 45 compreende todo o ano de 2023 e a grande novidade é que passa a existir também em formato digital!<br><br>Os últimos anos têm sido marcados pela pandemia Covid-19 e, infelizmente, pelas guerras, nomeadamente na Ucrânia e na Faixa de Gaza, mas não só, porque estas são apenas as mais faladas nos meios de comunicação, atualmente. <br><br>Temos a tendência de nos esquecer dos países que se encontram em guerra há muitos anos, de povos a precisarem de bens de primeira necessidade e alguns até bem perto das nossas portas. Com a mais recente inflação e atual situação económica, com os problemas no Serviço Nacional de Saúde e na Educação, apenas para nomear alguns, a vida está mais difícil para a maioria e, infelizmente, tem tendência a piorar. <br><br>Vamos, assim, tentar estar mais atentos ao próximo e dar a mão a quem mais precisa, na medida das nossas possibilidades, para que juntos consigamos marcar a diferença na construção de um mundo melhor para todos!<br><br>Damos especial destaque e lembramos quem outrora também teve que tomar a sua posição em guerras e dificuldades de outros tempos, homenageando os combatentes da freguesia com o novo monumento, junto à Rua do Teatro, e o mural pintado com as cores das bandeiras das ex-colónias portuguesas.<br><br>Esperamos que este boletim e as atividades das nossas terras ajudem a reconfortar e atenuar os tempos mais difíceis. Damos as boas-vindas aos novos moradores na freguesia, que convidamos a conhecer um pouco mais sobre a Freguesia de Vilar, através destas páginas. Aos de sempre, os que nos acompanham por cá e aos que estão longe com saudades, aqui vai mais um bocadinho da nossa terra!</p>



<div data-wp-interactive="core/file" class="wp-block-file"><object data-wp-bind--hidden="!state.hasPdfPreview" hidden class="wp-block-file__embed" data="http://jf-vilar.pt/wp-content/uploads/2018/03/Boletim-45-F2023.pdf" type="application/pdf" style="width:100%;height:600px" aria-label="Incorporação de Boletim 45 - F2023."></object><a id="wp-block-file--media-775da8d7-c770-4f26-bb1d-6a94eff47089" href="http://jf-vilar.pt/wp-content/uploads/2018/03/Boletim-45-F2023.pdf">Boletim 45 &#8211; F2023</a><a href="http://jf-vilar.pt/wp-content/uploads/2018/03/Boletim-45-F2023.pdf" class="wp-block-file__button wp-element-button" download aria-describedby="wp-block-file--media-775da8d7-c770-4f26-bb1d-6a94eff47089">Descarregar</a></div>



<p></p>

<p>O Boletim é Anual</p>
